{"id":85,"date":"2018-04-03T17:38:12","date_gmt":"2018-04-03T17:38:12","guid":{"rendered":"http:\/\/kamnosestvo-jezersek.com\/?page_id=85"},"modified":"2018-04-03T17:39:07","modified_gmt":"2018-04-03T17:39:07","slug":"85-2","status":"publish","type":"page","link":"http:\/\/kamnosestvo-jezersek.com\/?page_id=85","title":{"rendered":"Cookie"},"content":{"rendered":"<div class=\"mpl-content-wrap\"><div id=\"pl-85\"  class=\"panel-layout\" ><div id=\"pg-85-0\"  class=\"panel-grid panel-no-style\" ><div id=\"pgc-85-0-0\"  class=\"panel-grid-cell\" ><div id=\"panel-85-0-0-0\" class=\"so-panel widget widget_sow-headline panel-first-child\" data-index=\"0\" ><div\n\t\t\t\n\t\t\tclass=\"so-widget-sow-headline so-widget-sow-headline-default-90dde6530e57-85\"\n\t\t\t\n\t\t><div class=\"sow-headline-container \">\n\t\t\t\t\t\t\t<h1 class=\"sow-headline\">\n\t\t\t\t\t\tUporaba pi\u0161kotkov na tej spletni strani\t\t\t\t\t\t<\/h1>\n\t\t\t\t\t\t\t\t\t\t\t<div class=\"decoration\">\n\t\t\t\t\t\t<div class=\"decoration-inside\"><\/div>\n\t\t\t\t\t<\/div>\n\t\t\t\t\t<\/div>\n<\/div><\/div><div id=\"panel-85-0-0-1\" class=\"so-panel widget widget_sow-editor panel-last-child\" data-index=\"1\" ><div\n\t\t\t\n\t\t\tclass=\"so-widget-sow-editor so-widget-sow-editor-base\"\n\t\t\t\n\t\t>\n<div class=\"siteorigin-widget-tinymce textwidget\">\n\t<p><strong>Pravna podlaga<br \/> <\/strong>Podlaga za obvestilo je spremenjeni Zakon o elektronskih komunikacijah (Uradni list \u0161t. 109\/2012; v nadaljevanju ZEKom-1), ki je za\u010del veljati v za\u010detku leta 2013. Prinesel je nova pravila glede uporabe pi\u0161kotkov in podobnih tehnologij za shranjevanje informacij ali dostop do informacij, shranjenih na ra\u010dunalniku ali mobilni napravi uporabnika.<\/p>\n<p><strong>Kaj so pi\u0161kotki?<br \/> <\/strong>Pi\u0161kotki so majhne datoteke, pomembne za delovanje spletnih strani, najve\u010dkrat z namenom, da je uporabnikova izku\u0161nja bolj\u0161a.<br \/> Pi\u0161kotek obi\u010dajno vsebuje zaporedje \u010drk in \u0161tevilk, ki se nalo\u017ei na uporabnikov ra\u010dunalnik, ko ta obi\u0161\u010de dolo\u010deno spletno stran. Ob vsakem ponovnem obisku bo spletna stran pridobila podatek o nalo\u017eenem pi\u0161kotku in uporabnika prepoznala.<br \/> Poleg funkcije izbolj\u0161anja uporabni\u0161ke izku\u0161nje je njihov namen razli\u010den. Pi\u0161kotki se lahko uporabljajo tudi za analizo vedenja ali prepoznavanje uporabnikov. Zato lo\u010dimo razli\u010dne vrste pi\u0161kotkov.<\/p>\n<p><strong>Vrste pi\u0161kotkov, ki jih uporabljamo na tej spletni strani<br \/> <\/strong>Pi\u0161kotki, ki jih uporabljamo na tej strani sledijo smernicam:<\/p>\n<ul>\n<li><a href=\"https:\/\/www.ip-rs.si\/fileadmin\/user_upload\/Pdf\/smernice\/Smernice_o_uporabi_piskotkov.pdf\">Informacijske poobla\u0161\u010denke RS (PDF)<\/a><\/li>\n<li><a href=\"http:\/\/www.international-chamber.co.uk\/components\/com_wordpress\/wp\/wp-content\/uploads\/2012\/04\/icc_uk_cookie_guide.pdf\">Mednarodne gospodarske zbornice (PDF)<\/a><\/li>\n<\/ul>\n<p><strong>Nujno potrebni pi\u0161kotki<br \/> <\/strong>Tovrstni pi\u0161kotki omogo\u010dajo uporabo nujno potrebnih komponent za pravilno delovanje spletne strani. Brez teh pi\u0161kotov servisi, ki jih \u017eelite uporabljati na tej spletni strani, ne bi delovali pravilno (npr. prijava, nakupni proces, \u2026).<\/p>\n<p><strong>Izkustveni pi\u0161kotki<br \/> <\/strong>Tovrstni pi\u0161kotki zbirajo podatke, kako se uporabniki vedejo na spletni strani z namenom izbolj\u0161anja izkustvene komponente spletne strani (npr. katere dele spletne strani obiskujejo najpogosteje). Ti pi\u0161kotki ne zbirajo informacij, preko katerih bi lahko identificirali uporabnika.<\/p>\n<p><strong>Funkcionalni pi\u0161kotki<\/strong><\/p>\n<p>Tovrstni pi\u0161kotki omogo\u010dajo spletni strani, da si zapomni nekatere va\u0161e nastavitve in izbire (npr. uporabni\u0161ko ime, jezik, regijo) in zagotavlja napredne, personalizirane funkcije. Tovrstni pi\u0161kotki lahko omogo\u010dajo sledenje va\u0161im akcijam na spletni strani.<\/p>\n<p><strong>Oglasni ali ciljani pi\u0161kotki<br \/> <\/strong>Tovrstne pi\u0161kotke najpogosteje uporabljajo ogla\u0161evalska in dru\u017eabna omre\u017eja (tretje strani) z namenom, da vam prika\u017eejo bolj ciljane oglase, omejujejo ponavljanje oglasov ali merijo u\u010dinkovitost ogla\u0161evalskih akcij. Tovrstni pi\u0161kotki lahko omogo\u010dajo sledenje va\u0161im akcijam na spletu.<\/p>\n<p><strong>Nadzor pi\u0161kotkov<br \/> <\/strong>Za uporabo pi\u0161kotkov se odlo\u010date sami. Pi\u0161kotke lahko vedno odstranite in s tem odstranite va\u0161o prepoznavnost na spletu. Prav tako ve\u010dino brskalnikov lahko nastavite tako, da pi\u0161kotkov ne shranjujejo.<br \/> Za informacije o mo\u017enostih posameznih brskalnikov predlagamo, da si ogledate nastavitve.<\/p>\n<p><strong>Upravljalec pi\u0161kotkov<\/strong><\/p>\n<p><b>Andrej Jezer\u0161ek s.p.<br \/> Okroglo 3A<br \/> 4202 Naklo<\/b><\/p>\n<\/div>\n<\/div><\/div><\/div><\/div><\/div><\/div>","protected":false},"excerpt":{"rendered":"<p>Pravna podlaga Podlaga za obvestilo je spremenjeni Zakon o elektronskih komunikacijah (Uradni list \u0161t. 109\/2012; v nadaljevanju ZEKom-1), ki je za\u010del veljati v za\u010detku leta 2013. Prinesel je nova pravila glede uporabe pi\u0161kotkov in podobnih tehnologij za shranjevanje informacij ali dostop do informacij, shranjenih na ra\u010dunalniku ali mobilni napravi uporabnika. Kaj so pi\u0161kotki? Pi\u0161kotki so [&hellip;]<\/p>\n","protected":false},"author":1,"featured_media":0,"parent":0,"menu_order":0,"comment_status":"closed","ping_status":"closed","template":"","meta":[],"yoast_head":"<!-- This site is optimized with the Yoast SEO plugin v19.10 - https:\/\/yoast.com\/wordpress\/plugins\/seo\/ -->\n<title>Cookie - Kamnose\u0161tvo Jezer\u0161ek<\/title>\n<meta name=\"robots\" content=\"index, follow, max-snippet:-1, max-image-preview:large, max-video-preview:-1\" \/>\n<link rel=\"canonical\" href=\"http:\/\/kamnosestvo-jezersek.com\/?page_id=85\" \/>\n<meta property=\"og:locale\" content=\"sl_SI\" \/>\n<meta property=\"og:type\" content=\"article\" \/>\n<meta property=\"og:title\" content=\"Cookie - Kamnose\u0161tvo Jezer\u0161ek\" \/>\n<meta property=\"og:description\" content=\"Pravna podlaga Podlaga za obvestilo je spremenjeni Zakon o elektronskih komunikacijah (Uradni list \u0161t. 109\/2012; v nadaljevanju ZEKom-1), ki je za\u010del veljati v za\u010detku leta 2013. Prinesel je nova pravila glede uporabe pi\u0161kotkov in podobnih tehnologij za shranjevanje informacij ali dostop do informacij, shranjenih na ra\u010dunalniku ali mobilni napravi uporabnika. Kaj so pi\u0161kotki? Pi\u0161kotki so [&hellip;]\" \/>\n<meta property=\"og:url\" content=\"http:\/\/kamnosestvo-jezersek.com\/?page_id=85\" \/>\n<meta property=\"og:site_name\" content=\"Kamnose\u0161tvo Jezer\u0161ek\" \/>\n<meta property=\"article:modified_time\" content=\"2018-04-03T17:39:07+00:00\" \/>\n<meta name=\"twitter:card\" content=\"summary_large_image\" \/>\n<meta name=\"twitter:label1\" content=\"Est. reading time\" \/>\n\t<meta name=\"twitter:data1\" content=\"2 minuti\" \/>\n<script type=\"application\/ld+json\" class=\"yoast-schema-graph\">{\"@context\":\"https:\/\/schema.org\",\"@graph\":[{\"@type\":\"WebPage\",\"@id\":\"http:\/\/kamnosestvo-jezersek.com\/?page_id=85\",\"url\":\"http:\/\/kamnosestvo-jezersek.com\/?page_id=85\",\"name\":\"Cookie - Kamnose\u0161tvo Jezer\u0161ek\",\"isPartOf\":{\"@id\":\"http:\/\/kamnosestvo-jezersek.com\/#website\"},\"datePublished\":\"2018-04-03T17:38:12+00:00\",\"dateModified\":\"2018-04-03T17:39:07+00:00\",\"breadcrumb\":{\"@id\":\"http:\/\/kamnosestvo-jezersek.com\/?page_id=85#breadcrumb\"},\"inLanguage\":\"sl-SI\",\"potentialAction\":[{\"@type\":\"ReadAction\",\"target\":[\"http:\/\/kamnosestvo-jezersek.com\/?page_id=85\"]}]},{\"@type\":\"BreadcrumbList\",\"@id\":\"http:\/\/kamnosestvo-jezersek.com\/?page_id=85#breadcrumb\",\"itemListElement\":[{\"@type\":\"ListItem\",\"position\":1,\"name\":\"Home\",\"item\":\"http:\/\/kamnosestvo-jezersek.com\/\"},{\"@type\":\"ListItem\",\"position\":2,\"name\":\"Cookie\"}]},{\"@type\":\"WebSite\",\"@id\":\"http:\/\/kamnosestvo-jezersek.com\/#website\",\"url\":\"http:\/\/kamnosestvo-jezersek.com\/\",\"name\":\"Kamnose\u0161tvo Jezer\u0161ek\",\"description\":\"Okroglo 3A, 4202 Naklo\",\"potentialAction\":[{\"@type\":\"SearchAction\",\"target\":{\"@type\":\"EntryPoint\",\"urlTemplate\":\"http:\/\/kamnosestvo-jezersek.com\/?s={search_term_string}\"},\"query-input\":\"required name=search_term_string\"}],\"inLanguage\":\"sl-SI\"}]}<\/script>\n<!-- \/ Yoast SEO plugin. -->","yoast_head_json":{"title":"Cookie - Kamnose\u0161tvo Jezer\u0161ek","robots":{"index":"index","follow":"follow","max-snippet":"max-snippet:-1","max-image-preview":"max-image-preview:large","max-video-preview":"max-video-preview:-1"},"canonical":"http:\/\/kamnosestvo-jezersek.com\/?page_id=85","og_locale":"sl_SI","og_type":"article","og_title":"Cookie - Kamnose\u0161tvo Jezer\u0161ek","og_description":"Pravna podlaga Podlaga za obvestilo je spremenjeni Zakon o elektronskih komunikacijah (Uradni list \u0161t. 109\/2012; v nadaljevanju ZEKom-1), ki je za\u010del veljati v za\u010detku leta 2013. Prinesel je nova pravila glede uporabe pi\u0161kotkov in podobnih tehnologij za shranjevanje informacij ali dostop do informacij, shranjenih na ra\u010dunalniku ali mobilni napravi uporabnika. Kaj so pi\u0161kotki? Pi\u0161kotki so [&hellip;]","og_url":"http:\/\/kamnosestvo-jezersek.com\/?page_id=85","og_site_name":"Kamnose\u0161tvo Jezer\u0161ek","article_modified_time":"2018-04-03T17:39:07+00:00","twitter_card":"summary_large_image","twitter_misc":{"Est. reading time":"2 minuti"},"schema":{"@context":"https:\/\/schema.org","@graph":[{"@type":"WebPage","@id":"http:\/\/kamnosestvo-jezersek.com\/?page_id=85","url":"http:\/\/kamnosestvo-jezersek.com\/?page_id=85","name":"Cookie - Kamnose\u0161tvo Jezer\u0161ek","isPartOf":{"@id":"http:\/\/kamnosestvo-jezersek.com\/#website"},"datePublished":"2018-04-03T17:38:12+00:00","dateModified":"2018-04-03T17:39:07+00:00","breadcrumb":{"@id":"http:\/\/kamnosestvo-jezersek.com\/?page_id=85#breadcrumb"},"inLanguage":"sl-SI","potentialAction":[{"@type":"ReadAction","target":["http:\/\/kamnosestvo-jezersek.com\/?page_id=85"]}]},{"@type":"BreadcrumbList","@id":"http:\/\/kamnosestvo-jezersek.com\/?page_id=85#breadcrumb","itemListElement":[{"@type":"ListItem","position":1,"name":"Home","item":"http:\/\/kamnosestvo-jezersek.com\/"},{"@type":"ListItem","position":2,"name":"Cookie"}]},{"@type":"WebSite","@id":"http:\/\/kamnosestvo-jezersek.com\/#website","url":"http:\/\/kamnosestvo-jezersek.com\/","name":"Kamnose\u0161tvo Jezer\u0161ek","description":"Okroglo 3A, 4202 Naklo","potentialAction":[{"@type":"SearchAction","target":{"@type":"EntryPoint","urlTemplate":"http:\/\/kamnosestvo-jezersek.com\/?s={search_term_string}"},"query-input":"required name=search_term_string"}],"inLanguage":"sl-SI"}]}},"_links":{"self":[{"href":"http:\/\/kamnosestvo-jezersek.com\/index.php?rest_route=\/wp\/v2\/pages\/85"}],"collection":[{"href":"http:\/\/kamnosestvo-jezersek.com\/index.php?rest_route=\/wp\/v2\/pages"}],"about":[{"href":"http:\/\/kamnosestvo-jezersek.com\/index.php?rest_route=\/wp\/v2\/types\/page"}],"author":[{"embeddable":true,"href":"http:\/\/kamnosestvo-jezersek.com\/index.php?rest_route=\/wp\/v2\/users\/1"}],"replies":[{"embeddable":true,"href":"http:\/\/kamnosestvo-jezersek.com\/index.php?rest_route=%2Fwp%2Fv2%2Fcomments&post=85"}],"version-history":[{"count":7,"href":"http:\/\/kamnosestvo-jezersek.com\/index.php?rest_route=\/wp\/v2\/pages\/85\/revisions"}],"predecessor-version":[{"id":92,"href":"http:\/\/kamnosestvo-jezersek.com\/index.php?rest_route=\/wp\/v2\/pages\/85\/revisions\/92"}],"wp:attachment":[{"href":"http:\/\/kamnosestvo-jezersek.com\/index.php?rest_route=%2Fwp%2Fv2%2Fmedia&parent=85"}],"curies":[{"name":"wp","href":"https:\/\/api.w.org\/{rel}","templated":true}]}}